of 1109?
1
What is the units digit of 56457?
7
What is the hundreds digit of 4124?
1
What is the units digit of 629?
9
What is the units digit of 4586?
6
What is the units digit of 5078?
8
What is the hundreds digit of 806?
8
What is the hundreds digit of 420?
4
What is the tens digit of 71755?
5
What is the hundreds digit of 643?
6
What is the units digit of 34206?
6
What is the units digit of 857?
7
What is the tens digit of 710?
1
What is the units digit of 1871?
1
What is the units digit of 9413?
3
What is the thousands digit of 1101?
1
What is the units digit of 3469?
9
What is the units digit of 778?
8
What is the tens digit of 5037?
3
What is the units digit of 312?
2
What is the units digit of 300?
0
What is the tens digit of 59576?
7
What is the tens digit of 31636?
3
What is the hundreds digit of 1439?
4
What is the tens digit of 28284?
8
What is the hundreds digit of 16481?
4
What is the units digit of 18774?
4
What is the tens digit of 103?
0
What is the units digit of 7773?
3
What is the thousands digit of 8124?
8
What is the units digit of 31472?
2
What is the ten thousands digit of 50416?
5
What is the tens digit of 182238?
3
What is the thousands digit of 136823?
6
What is the hundreds digit of 29694?
6
What is the hundreds digit of 2507?
5
What is the thousands digit of 47036?
7
What is the hundreds digit of 20607?
6
What is the units digit of 1686?
6
What is the ten thousands digit of 116789?
1
What is the tens digit of 6430?
3
What is the units digit of 11892?
2
What is the units digit of 2293?
3
What is the thousands digit of 48807?
8
What is the hundreds digit of 17995?
9
What is the units digit of 3003?
3
What is the hundreds digit of 680?
6
What is the units digit of 174?
4
What is the units digit of 1678?
8
What is the units digit of 1777?
7
What is the thousands digit of 4122?
4
What is the tens digit of 18130?
3
What is the tens digit of 10928?
2
What is the units digit of 36?
6
What is the hundreds digit of 2895?
8
What is the ten thousands digit of 17078?
1
What is the thousands digit of 5606?
5
What is the units digit of 48979?
9
What is the tens digit of 2072?
7
What is the units digit of 2638?
8
What is the hundreds digit of 32839?
8
What is the tens digit of 582?
8
What is the hundreds digit of 2134?
1
What is the thousands digit of 25032?
5
What is the tens digit of 21662?
6
What is the ten thousands digit of 139342?
3
What is the thousands digit of 6912?
6
What is the ten thousands digit of 60586?
6
What is the tens digit of 989?
8
What is the tens digit of 1199?
9
What is the tens digit of 631?
3
What is the ten thousands digit of 21647?
2
What is the hundreds digit of 57826?
8
What is the thousands digit of 82833?
2
What is the tens digit of 741?
4
What is the hundreds digit of 4357?
3
What is the hundreds digit of 51680?
6
What is the hundreds digit of 826?
8
What is the thousands digit of 1295?
1
What is the units digit of 32078?
8
What is the ten thousands digit of 15049?
1
What is the hundreds digit of 4224?
2
What is the hundreds digit of 5240?
2
What is the ten thousands digit of 13936?
1
What is the hundreds digit of 11308?
3
What is the units digit of 18300?
0
What is the thousands digit of 6697?
6
What is the hundreds digit of 92699?
6
What is the units digit of 9104?
4
What is the tens digit of 1770?
7
What is the hundreds digit of 7588?
5
What is the ten thousands digit of 63880?
6
What is the ten thousands digit of 12703?
1
What is the ten thousands digit of 25554?
2
What is the hundred thousands digit of 147243?
1
What is the ten thousands digit of 115831?
1
What is the units digit of 4616?
6
What is the thousands digit of 6375?
6
What is the hundreds digit of 10569?
5
What is the thousands digit of 10929?
0
What is the units digit of 30670?
0
What is the hundreds digit of 826?
8
What is the thousands digit of 2118?
2
What is the tens digit of 2771?
7
What is the hundreds digit of 756?
7
What is the thousands digit of 39664?
9
What is the units digit of 662?
2
What is the units digit of 8309?
9
What is the thousands digit of 1809?
1
What is the thousands digit of 24470?
4
What is the thousands digit of 2379?
2
What is the hundreds digit of 8123?
1
What is the tens digit of 834?
3
What is the thousands digit of 104705?
4
What is the hundred thousands digit of 188831?
1
What is the thousands digit of 8785?
8
What is the hundreds digit of 40487?
4
What is the thousands digit of 4868?
4
What is the units digit of 14143?
3
What is the units digit of 1868?
8
What is the tens digit of 596?
9
What is the thousands digit of 8908?
8
What is the hundred thousands digit of 110211?
1
What is the thousands digit of 23555?
3
What is the hundreds digit of 71172?
1
What is the units digit of 46?
6
What is the units digit of 4011?
1
What is the ten thousands digit of 39286?
3
What is the thousands digit of 114066?
4
What is the tens digit of 9127?
2
What is the thousands digit of 4748?
4
What is the tens digit of 243?
4
What is the tens digit of 10224?
2
What is the units digit of 1742?
2
What is the hundreds digit of 10669?
6
What is the thousands digit of 2575?
2
What is the hundreds digit of 955?
9
What is the hundreds digit of 3563?
5
What is the hundreds digit of 1195?
1
What is the hundreds digit of 4538?
5
What is the thousands digit of 84264?
4
What is the ten thousands digit of 25120?
2
What is the tens digit of 4359?
5
What is the units digit of 784?
4
What is the tens digit of 1062?
6
What is the tens digit of 63035?
3
What is the hundreds digit of 22357?
3
What is the ten thousands digit of 43098?
4
What is the tens digit of 44391?
9
What is the thousands digit of 6686?
6
What is the thousands digit of 14519?
4
What is the hundreds digit of 9489?
4
What is the ten thousands digit of 22483?
2
What is the thousands digit of 11295?
1
What is the hundreds digit of 4999?
9
What is the thousands digit of 7962?
7
What is the thousands digit of 3835?
3
What is the tens digit of 9958?
5
What is the hundreds digit of 2241?
2
What is the tens digit of 1858?
5
What is the thousands digit of 9188?
9
What is the hundreds digit of 1567?
5
What is the hundreds digit of 82738?
7
What is the units digit of 137?
7
What is the units digit of 12862?
2
What is the thousands digit of 4643?
4
What is the tens digit of 7727?
2
What is the hundreds digit of 901?
9
What is the ten thousands digit of 24991?
2
What is the hundreds digit of 8766?
7
What is the ten thousands digit of 93599?
9
What is the thousands digit of 1320?
1
What is the hundreds digit of 2154?
1
What is the thousands digit of 46891?
6
What is the units digit of 17654?
4
What is the units digit of 23903?
3
What is the thousands digit of 3202?
3
What is the tens digit of 167322?
2
What is the hundreds digit of 101?
1
What is the thousands digit of 1810?
1
What is the hundreds digit of 2539?
5
What is the thousands digit of 34609?
4
What is the thousands digit of 7011?
7
What is the hundreds digit of 26218?
2
What is the hundreds digit of 867?
8
What is the tens digit of 660?
6
What is the hundreds digit of 35756?
7
What is the tens digit of 18553?
5
What is the thousands digit of 24734?
4
What is the hundreds digit of 3645?
6
What is the units digit of 973?
3
What is the tens digit of 21497?
9
What is the hundreds digit of 1603?
6
What is the tens digit of 17318?
1
What is the units digit of 2289?
9
What is the hundreds digit of 8359?
3
What is the hundreds digit of 1125?
1
What is the thousands digit of 31492?
1
What is the tens digit of 2126?
2
What is the thousands digit of 2586?
2
What is the hundreds digit of 15762?
7
What is the units digit of 3453?
3
What is the thousands digit of 28011?
8
What is the thousands digit of 2326?
2
What is the thousands digit of 6346?
6
What is the units digit of 243?
3
What is the thousands digit of 1968?
1
What is the thousands digit of 18018?
8
What is the hundreds digit of 2674?
6
What is the units digit of 241?
1
What is the hundreds digit of 3899?
8
What is the ten thousands digit of 19195?
1
What is the thousands digit of 3983?
3
What is the ten thousands digit of 31663?
3
What is the units digit of 53256?
6
What is the tens digit of 1560?
6
What is the ten thousands digit of 142310?
4
What is the units digit of 